{"id":856,"date":"2024-05-13T17:28:14","date_gmt":"2024-05-13T20:28:14","guid":{"rendered":"https:\/\/glovesup.com.br\/?post_type=product&#038;p=856"},"modified":"2026-01-22T18:16:09","modified_gmt":"2026-01-22T21:16:09","slug":"vabene-lencol-de-maca-c-elast-10un-pct","status":"publish","type":"product","link":"https:\/\/glovesup.com.br\/index.php\/produto\/vabene-lencol-de-maca-c-elast-10un-pct\/","title":{"rendered":"LEN\u00c7OL DE MACA C\/ELAST 10UN\/PCT Gramatura 30"},"content":{"rendered":"<section class=\"KS6Dwf\">\n<div class=\"AMxILd\">\n<div role=\"heading\" aria-level=\"2\">Detalhes do produto<\/div>\n<\/div>\n<div class=\"AspnF\">\n<div class=\"BfIk5d\">\n<div>\n<div class=\"k6uHPd\">\n<div class=\"Qo4JI\"><span class=\"OA4wid\">Unissex<\/span><\/div>\n<\/div>\n<div class=\"Zh8lCd\">\n<p class=\"sh-ds__desc\"><span class=\"sh-ds__trunc\"><span class=\"sh-ds__trunc-txt translate-content\">O Len\u00e7ol de maca em tnt foi desenvolvido para cobrir leitos nas quais h\u00e1 uma alta rotatividade de pessoas. Ele \u00e9 de f\u00e1cil manipula\u00e7\u00e3o e foi desenvolvido para utiliza\u00e7\u00e3o \u00fanica, diminuindo assim o risco por contamina\u00e7\u00e3o cruzada, trazendo mais seguran\u00e7a contra riscos biol\u00f3gicos.<\/span><\/span><\/p>\n<\/div>\n<\/div>\n<\/div>\n<\/div>\n<\/section>\n<section class=\"KS6Dwf\">\n<div class=\"AMxILd\"><\/div>\n<\/section>\n","protected":false},"excerpt":{"rendered":"<p>10 unidades o pct &#8211;<\/p>\n<p>Medidas 2,10 por 0,90<\/p>\n","protected":false},"featured_media":857,"comment_status":"open","ping_status":"closed","template":"","meta":{"_joinchat":[]},"product_brand":[],"product_cat":[83],"product_tag":[],"class_list":{"0":"post-856","1":"product","2":"type-product","3":"status-publish","4":"has-post-thumbnail","6":"product_cat-acessorios-descartaveis-2","8":"first","9":"instock","10":"shipping-taxable","11":"purchasable","12":"product-type-simple"},"yoast_head":"<!-- This site is optimized with the Yoast SEO plugin v24.3 - https:\/\/yoast.com\/wordpress\/plugins\/seo\/ -->\n<title>LEN\u00c7OL DE MACA C\/ELAST 10UN\/PCT Gramatura 30 - GLOVES&#039;UP<\/title>\n<meta name=\"robots\" content=\"index, follow, max-snippet:-1, max-image-preview:large, max-video-preview:-1\" \/>\n<link rel=\"canonical\" href=\"https:\/\/glovesup.com.br\/index.php\/produto\/vabene-lencol-de-maca-c-elast-10un-pct\/\" \/>\n<meta property=\"og:locale\" content=\"pt_BR\" \/>\n<meta property=\"og:type\" content=\"article\" \/>\n<meta property=\"og:title\" content=\"LEN\u00c7OL DE MACA C\/ELAST 10UN\/PCT Gramatura 30 - GLOVES&#039;UP\" \/>\n<meta property=\"og:description\" content=\"10 unidades o pct -  Medidas 2,10 por 0,90\" \/>\n<meta property=\"og:url\" content=\"https:\/\/glovesup.com.br\/index.php\/produto\/vabene-lencol-de-maca-c-elast-10un-pct\/\" \/>\n<meta property=\"og:site_name\" content=\"GLOVES&#039;UP\" \/>\n<meta property=\"article:modified_time\" content=\"2026-01-22T21:16:09+00:00\" \/>\n<meta property=\"og:image\" content=\"https:\/\/glovesup.com.br\/wp-content\/uploads\/2024\/05\/LENCOL-DE-MACA-VABENE-B.png\" \/>\n\t<meta property=\"og:image:width\" content=\"287\" \/>\n\t<meta property=\"og:image:height\" content=\"228\" \/>\n\t<meta property=\"og:image:type\" content=\"image\/png\" \/>\n<meta name=\"twitter:card\" content=\"summary_large_image\" \/>\n<meta name=\"twitter:label1\" content=\"Est. tempo de leitura\" \/>\n\t<meta name=\"twitter:data1\" content=\"1 minuto\" \/>\n<script type=\"application\/ld+json\" class=\"yoast-schema-graph\">{\"@context\":\"https:\/\/schema.org\",\"@graph\":[{\"@type\":\"WebPage\",\"@id\":\"https:\/\/glovesup.com.br\/index.php\/produto\/vabene-lencol-de-maca-c-elast-10un-pct\/\",\"url\":\"https:\/\/glovesup.com.br\/index.php\/produto\/vabene-lencol-de-maca-c-elast-10un-pct\/\",\"name\":\"LEN\u00c7OL DE MACA C\/ELAST 10UN\/PCT Gramatura 30 - GLOVES&#039;UP\",\"isPartOf\":{\"@id\":\"https:\/\/glovesup.com.br\/#website\"},\"primaryImageOfPage\":{\"@id\":\"https:\/\/glovesup.com.br\/index.php\/produto\/vabene-lencol-de-maca-c-elast-10un-pct\/#primaryimage\"},\"image\":{\"@id\":\"https:\/\/glovesup.com.br\/index.php\/produto\/vabene-lencol-de-maca-c-elast-10un-pct\/#primaryimage\"},\"thumbnailUrl\":\"https:\/\/glovesup.com.br\/wp-content\/uploads\/2024\/05\/LENCOL-DE-MACA-VABENE-B.png\",\"datePublished\":\"2024-05-13T20:28:14+00:00\",\"dateModified\":\"2026-01-22T21:16:09+00:00\",\"breadcrumb\":{\"@id\":\"https:\/\/glovesup.com.br\/index.php\/produto\/vabene-lencol-de-maca-c-elast-10un-pct\/#breadcrumb\"},\"inLanguage\":\"pt-BR\",\"potentialAction\":[{\"@type\":\"ReadAction\",\"target\":[\"https:\/\/glovesup.com.br\/index.php\/produto\/vabene-lencol-de-maca-c-elast-10un-pct\/\"]}]},{\"@type\":\"ImageObject\",\"inLanguage\":\"pt-BR\",\"@id\":\"https:\/\/glovesup.com.br\/index.php\/produto\/vabene-lencol-de-maca-c-elast-10un-pct\/#primaryimage\",\"url\":\"https:\/\/glovesup.com.br\/wp-content\/uploads\/2024\/05\/LENCOL-DE-MACA-VABENE-B.png\",\"contentUrl\":\"https:\/\/glovesup.com.br\/wp-content\/uploads\/2024\/05\/LENCOL-DE-MACA-VABENE-B.png\",\"width\":287,\"height\":228},{\"@type\":\"BreadcrumbList\",\"@id\":\"https:\/\/glovesup.com.br\/index.php\/produto\/vabene-lencol-de-maca-c-elast-10un-pct\/#breadcrumb\",\"itemListElement\":[{\"@type\":\"ListItem\",\"position\":1,\"name\":\"In\u00edcio\",\"item\":\"https:\/\/glovesup.com.br\/\"},{\"@type\":\"ListItem\",\"position\":2,\"name\":\"LOJA\",\"item\":\"https:\/\/glovesup.com.br\/\"},{\"@type\":\"ListItem\",\"position\":3,\"name\":\"LEN\u00c7OL DE MACA C\/ELAST 10UN\/PCT Gramatura 30\"}]},{\"@type\":\"WebSite\",\"@id\":\"https:\/\/glovesup.com.br\/#website\",\"url\":\"https:\/\/glovesup.com.br\/\",\"name\":\"Gloves\\\"UP_Conhe\u00e7a Nossos Produto!\",\"description\":\"As Melhores Marcas de Luvas do Mercado para Voc\u00ea! QUALIDADE\/CUSTO BENEF\u00cdCIO S\u00d3 AQUI!!\",\"publisher\":{\"@id\":\"https:\/\/glovesup.com.br\/#organization\"},\"alternateName\":\"Gloves\\\"UP_Conhe\u00e7a Nossos Produto!\",\"potentialAction\":[{\"@type\":\"SearchAction\",\"target\":{\"@type\":\"EntryPoint\",\"urlTemplate\":\"https:\/\/glovesup.com.br\/?s={search_term_string}\"},\"query-input\":{\"@type\":\"PropertyValueSpecification\",\"valueRequired\":true,\"valueName\":\"search_term_string\"}}],\"inLanguage\":\"pt-BR\"},{\"@type\":\"Organization\",\"@id\":\"https:\/\/glovesup.com.br\/#organization\",\"name\":\"GLOVESUP\",\"url\":\"https:\/\/glovesup.com.br\/\",\"logo\":{\"@type\":\"ImageObject\",\"inLanguage\":\"pt-BR\",\"@id\":\"https:\/\/glovesup.com.br\/#\/schema\/logo\/image\/\",\"url\":\"https:\/\/glovesup.com.br\/wp-content\/uploads\/2024\/05\/cropped-WhatsApp-Image-2024-05-12-at-21.29.57-2.jpeg\",\"contentUrl\":\"https:\/\/glovesup.com.br\/wp-content\/uploads\/2024\/05\/cropped-WhatsApp-Image-2024-05-12-at-21.29.57-2.jpeg\",\"width\":55,\"height\":55,\"caption\":\"GLOVESUP\"},\"image\":{\"@id\":\"https:\/\/glovesup.com.br\/#\/schema\/logo\/image\/\"},\"sameAs\":[\"https:\/\/www.instagram.com\/glovesup.distribuidora\/\"]}]}<\/script>\n<!-- \/ Yoast SEO plugin. -->","yoast_head_json":{"title":"LEN\u00c7OL DE MACA C\/ELAST 10UN\/PCT Gramatura 30 - GLOVES&#039;UP","robots":{"index":"index","follow":"follow","max-snippet":"max-snippet:-1","max-image-preview":"max-image-preview:large","max-video-preview":"max-video-preview:-1"},"canonical":"https:\/\/glovesup.com.br\/index.php\/produto\/vabene-lencol-de-maca-c-elast-10un-pct\/","og_locale":"pt_BR","og_type":"article","og_title":"LEN\u00c7OL DE MACA C\/ELAST 10UN\/PCT Gramatura 30 - GLOVES&#039;UP","og_description":"10 unidades o pct -  Medidas 2,10 por 0,90","og_url":"https:\/\/glovesup.com.br\/index.php\/produto\/vabene-lencol-de-maca-c-elast-10un-pct\/","og_site_name":"GLOVES&#039;UP","article_modified_time":"2026-01-22T21:16:09+00:00","og_image":[{"width":287,"height":228,"url":"https:\/\/glovesup.com.br\/wp-content\/uploads\/2024\/05\/LENCOL-DE-MACA-VABENE-B.png","type":"image\/png"}],"twitter_card":"summary_large_image","twitter_misc":{"Est. tempo de leitura":"1 minuto"},"schema":{"@context":"https:\/\/schema.org","@graph":[{"@type":"WebPage","@id":"https:\/\/glovesup.com.br\/index.php\/produto\/vabene-lencol-de-maca-c-elast-10un-pct\/","url":"https:\/\/glovesup.com.br\/index.php\/produto\/vabene-lencol-de-maca-c-elast-10un-pct\/","name":"LEN\u00c7OL DE MACA C\/ELAST 10UN\/PCT Gramatura 30 - GLOVES&#039;UP","isPartOf":{"@id":"https:\/\/glovesup.com.br\/#website"},"primaryImageOfPage":{"@id":"https:\/\/glovesup.com.br\/index.php\/produto\/vabene-lencol-de-maca-c-elast-10un-pct\/#primaryimage"},"image":{"@id":"https:\/\/glovesup.com.br\/index.php\/produto\/vabene-lencol-de-maca-c-elast-10un-pct\/#primaryimage"},"thumbnailUrl":"https:\/\/glovesup.com.br\/wp-content\/uploads\/2024\/05\/LENCOL-DE-MACA-VABENE-B.png","datePublished":"2024-05-13T20:28:14+00:00","dateModified":"2026-01-22T21:16:09+00:00","breadcrumb":{"@id":"https:\/\/glovesup.com.br\/index.php\/produto\/vabene-lencol-de-maca-c-elast-10un-pct\/#breadcrumb"},"inLanguage":"pt-BR","potentialAction":[{"@type":"ReadAction","target":["https:\/\/glovesup.com.br\/index.php\/produto\/vabene-lencol-de-maca-c-elast-10un-pct\/"]}]},{"@type":"ImageObject","inLanguage":"pt-BR","@id":"https:\/\/glovesup.com.br\/index.php\/produto\/vabene-lencol-de-maca-c-elast-10un-pct\/#primaryimage","url":"https:\/\/glovesup.com.br\/wp-content\/uploads\/2024\/05\/LENCOL-DE-MACA-VABENE-B.png","contentUrl":"https:\/\/glovesup.com.br\/wp-content\/uploads\/2024\/05\/LENCOL-DE-MACA-VABENE-B.png","width":287,"height":228},{"@type":"BreadcrumbList","@id":"https:\/\/glovesup.com.br\/index.php\/produto\/vabene-lencol-de-maca-c-elast-10un-pct\/#breadcrumb","itemListElement":[{"@type":"ListItem","position":1,"name":"In\u00edcio","item":"https:\/\/glovesup.com.br\/"},{"@type":"ListItem","position":2,"name":"LOJA","item":"https:\/\/glovesup.com.br\/"},{"@type":"ListItem","position":3,"name":"LEN\u00c7OL DE MACA C\/ELAST 10UN\/PCT Gramatura 30"}]},{"@type":"WebSite","@id":"https:\/\/glovesup.com.br\/#website","url":"https:\/\/glovesup.com.br\/","name":"Gloves\"UP_Conhe\u00e7a Nossos Produto!","description":"As Melhores Marcas de Luvas do Mercado para Voc\u00ea! QUALIDADE\/CUSTO BENEF\u00cdCIO S\u00d3 AQUI!!","publisher":{"@id":"https:\/\/glovesup.com.br\/#organization"},"alternateName":"Gloves\"UP_Conhe\u00e7a Nossos Produto!","potentialAction":[{"@type":"SearchAction","target":{"@type":"EntryPoint","urlTemplate":"https:\/\/glovesup.com.br\/?s={search_term_string}"},"query-input":{"@type":"PropertyValueSpecification","valueRequired":true,"valueName":"search_term_string"}}],"inLanguage":"pt-BR"},{"@type":"Organization","@id":"https:\/\/glovesup.com.br\/#organization","name":"GLOVESUP","url":"https:\/\/glovesup.com.br\/","logo":{"@type":"ImageObject","inLanguage":"pt-BR","@id":"https:\/\/glovesup.com.br\/#\/schema\/logo\/image\/","url":"https:\/\/glovesup.com.br\/wp-content\/uploads\/2024\/05\/cropped-WhatsApp-Image-2024-05-12-at-21.29.57-2.jpeg","contentUrl":"https:\/\/glovesup.com.br\/wp-content\/uploads\/2024\/05\/cropped-WhatsApp-Image-2024-05-12-at-21.29.57-2.jpeg","width":55,"height":55,"caption":"GLOVESUP"},"image":{"@id":"https:\/\/glovesup.com.br\/#\/schema\/logo\/image\/"},"sameAs":["https:\/\/www.instagram.com\/glovesup.distribuidora\/"]}]}},"jetpack_sharing_enabled":true,"_links":{"self":[{"href":"https:\/\/glovesup.com.br\/index.php\/wp-json\/wp\/v2\/product\/856","targetHints":{"allow":["GET"]}}],"collection":[{"href":"https:\/\/glovesup.com.br\/index.php\/wp-json\/wp\/v2\/product"}],"about":[{"href":"https:\/\/glovesup.com.br\/index.php\/wp-json\/wp\/v2\/types\/product"}],"replies":[{"embeddable":true,"href":"https:\/\/glovesup.com.br\/index.php\/wp-json\/wp\/v2\/comments?post=856"}],"wp:featuredmedia":[{"embeddable":true,"href":"https:\/\/glovesup.com.br\/index.php\/wp-json\/wp\/v2\/media\/857"}],"wp:attachment":[{"href":"https:\/\/glovesup.com.br\/index.php\/wp-json\/wp\/v2\/media?parent=856"}],"wp:term":[{"taxonomy":"product_brand","embeddable":true,"href":"https:\/\/glovesup.com.br\/index.php\/wp-json\/wp\/v2\/product_brand?post=856"},{"taxonomy":"product_cat","embeddable":true,"href":"https:\/\/glovesup.com.br\/index.php\/wp-json\/wp\/v2\/product_cat?post=856"},{"taxonomy":"product_tag","embeddable":true,"href":"https:\/\/glovesup.com.br\/index.php\/wp-json\/wp\/v2\/product_tag?post=856"}],"curies":[{"name":"wp","href":"https:\/\/api.w.org\/{rel}","templated":true}]}}