{"id":774,"date":"2024-04-16T16:46:20","date_gmt":"2024-04-16T19:46:20","guid":{"rendered":"https:\/\/glovesup.com.br\/?post_type=product&#038;p=774"},"modified":"2026-01-22T18:09:22","modified_gmt":"2026-01-22T21:09:22","slug":"inoven-nitrilica-preta","status":"publish","type":"product","link":"https:\/\/glovesup.com.br\/index.php\/produto\/inoven-nitrilica-preta\/","title":{"rendered":"INOVEN \/ NITR\u00cdLICA &#8211; PRETA"},"content":{"rendered":"<p>Luvas para prote\u00e7\u00e3o das m\u00e3os confeccionadas em borracha nitr\u00edlica, superf\u00edcies lisas, pontas dos dedos texturizadas, sem p\u00f3, livres de l\u00e1tex, ambidestras, com bainha, n\u00e3o est\u00e9reis e de uso \u00fanico. Produzidas em ambiente controlado, com baixa concentra\u00e7\u00e3o de part\u00edculas no ar para aplica\u00e7\u00f5es que exijam os mais altos n\u00edveis de limpeza para prote\u00e7\u00e3o dos produtos a serem fabricados. Possui resist\u00eancia mec\u00e2nica tr\u00eas vezes maior do que o l\u00e1tex ou vinil\/PVC.<\/p>\n","protected":false},"excerpt":{"rendered":"<p>Luvas para prote\u00e7\u00e3o das m\u00e3os confeccionadas em borracha nitr\u00edlica, superf\u00edcies lisas, pontas dos dedos texturizadas, sem p\u00f3, livres de l\u00e1tex, ambidestras, com bainha, n\u00e3o est\u00e9reis e de uso \u00fanico. Produzidas em ambiente controlado, com baixa concentra\u00e7\u00e3o de part\u00edculas no ar para aplica\u00e7\u00f5es<\/p>\n<p class=\"link-more\"><a class=\"myButt \" href=\"https:\/\/glovesup.com.br\/index.php\/produto\/inoven-nitrilica-preta\/\">Read More<\/a><\/p>\n","protected":false},"featured_media":775,"comment_status":"open","ping_status":"closed","template":"","meta":{"_joinchat":[]},"product_brand":[],"product_cat":[76,77],"product_tag":[],"class_list":{"0":"post-774","1":"product","2":"type-product","3":"status-publish","4":"has-post-thumbnail","6":"product_cat-inoven","7":"product_cat-inoven-nitrilica","9":"first","10":"instock","11":"shipping-taxable","12":"purchasable","13":"product-type-variable"},"yoast_head":"<!-- This site is optimized with the Yoast SEO plugin v24.3 - https:\/\/yoast.com\/wordpress\/plugins\/seo\/ -->\n<title>INOVEN \/ NITR\u00cdLICA - PRETA - GLOVES&#039;UP<\/title>\n<meta name=\"robots\" content=\"index, follow, max-snippet:-1, max-image-preview:large, max-video-preview:-1\" \/>\n<link rel=\"canonical\" href=\"https:\/\/glovesup.com.br\/index.php\/produto\/inoven-nitrilica-preta\/\" \/>\n<meta property=\"og:locale\" content=\"pt_BR\" \/>\n<meta property=\"og:type\" content=\"article\" \/>\n<meta property=\"og:title\" content=\"INOVEN \/ NITR\u00cdLICA - PRETA - GLOVES&#039;UP\" \/>\n<meta property=\"og:description\" content=\"Luvas para prote\u00e7\u00e3o das m\u00e3os confeccionadas em borracha nitr\u00edlica, superf\u00edcies lisas, pontas dos dedos texturizadas, sem p\u00f3, livres de l\u00e1tex, ambidestras, com bainha, n\u00e3o est\u00e9reis e de uso \u00fanico. Produzidas em ambiente controlado, com baixa concentra\u00e7\u00e3o de part\u00edculas no ar para aplica\u00e7\u00f5esRead More\" \/>\n<meta property=\"og:url\" content=\"https:\/\/glovesup.com.br\/index.php\/produto\/inoven-nitrilica-preta\/\" \/>\n<meta property=\"og:site_name\" content=\"GLOVES&#039;UP\" \/>\n<meta property=\"article:modified_time\" content=\"2026-01-22T21:09:22+00:00\" \/>\n<meta property=\"og:image\" content=\"https:\/\/glovesup.com.br\/wp-content\/uploads\/2024\/04\/INOVEN-NITRILICA-PRETA.png\" \/>\n\t<meta property=\"og:image:width\" content=\"188\" \/>\n\t<meta property=\"og:image:height\" content=\"150\" \/>\n\t<meta property=\"og:image:type\" content=\"image\/png\" \/>\n<meta name=\"twitter:card\" content=\"summary_large_image\" \/>\n<meta name=\"twitter:label1\" content=\"Est. tempo de leitura\" \/>\n\t<meta name=\"twitter:data1\" content=\"1 minuto\" \/>\n<script type=\"application\/ld+json\" class=\"yoast-schema-graph\">{\"@context\":\"https:\/\/schema.org\",\"@graph\":[{\"@type\":\"WebPage\",\"@id\":\"https:\/\/glovesup.com.br\/index.php\/produto\/inoven-nitrilica-preta\/\",\"url\":\"https:\/\/glovesup.com.br\/index.php\/produto\/inoven-nitrilica-preta\/\",\"name\":\"INOVEN \/ NITR\u00cdLICA - PRETA - GLOVES&#039;UP\",\"isPartOf\":{\"@id\":\"https:\/\/glovesup.com.br\/#website\"},\"primaryImageOfPage\":{\"@id\":\"https:\/\/glovesup.com.br\/index.php\/produto\/inoven-nitrilica-preta\/#primaryimage\"},\"image\":{\"@id\":\"https:\/\/glovesup.com.br\/index.php\/produto\/inoven-nitrilica-preta\/#primaryimage\"},\"thumbnailUrl\":\"https:\/\/glovesup.com.br\/wp-content\/uploads\/2024\/04\/INOVEN-NITRILICA-PRETA.png\",\"datePublished\":\"2024-04-16T19:46:20+00:00\",\"dateModified\":\"2026-01-22T21:09:22+00:00\",\"breadcrumb\":{\"@id\":\"https:\/\/glovesup.com.br\/index.php\/produto\/inoven-nitrilica-preta\/#breadcrumb\"},\"inLanguage\":\"pt-BR\",\"potentialAction\":[{\"@type\":\"ReadAction\",\"target\":[\"https:\/\/glovesup.com.br\/index.php\/produto\/inoven-nitrilica-preta\/\"]}]},{\"@type\":\"ImageObject\",\"inLanguage\":\"pt-BR\",\"@id\":\"https:\/\/glovesup.com.br\/index.php\/produto\/inoven-nitrilica-preta\/#primaryimage\",\"url\":\"https:\/\/glovesup.com.br\/wp-content\/uploads\/2024\/04\/INOVEN-NITRILICA-PRETA.png\",\"contentUrl\":\"https:\/\/glovesup.com.br\/wp-content\/uploads\/2024\/04\/INOVEN-NITRILICA-PRETA.png\",\"width\":188,\"height\":150},{\"@type\":\"BreadcrumbList\",\"@id\":\"https:\/\/glovesup.com.br\/index.php\/produto\/inoven-nitrilica-preta\/#breadcrumb\",\"itemListElement\":[{\"@type\":\"ListItem\",\"position\":1,\"name\":\"In\u00edcio\",\"item\":\"https:\/\/glovesup.com.br\/\"},{\"@type\":\"ListItem\",\"position\":2,\"name\":\"LOJA\",\"item\":\"https:\/\/glovesup.com.br\/\"},{\"@type\":\"ListItem\",\"position\":3,\"name\":\"INOVEN \/ NITR\u00cdLICA &#8211; PRETA\"}]},{\"@type\":\"WebSite\",\"@id\":\"https:\/\/glovesup.com.br\/#website\",\"url\":\"https:\/\/glovesup.com.br\/\",\"name\":\"Gloves\\\"UP_Conhe\u00e7a Nossos Produto!\",\"description\":\"As Melhores Marcas de Luvas do Mercado para Voc\u00ea! QUALIDADE\/CUSTO BENEF\u00cdCIO S\u00d3 AQUI!!\",\"publisher\":{\"@id\":\"https:\/\/glovesup.com.br\/#organization\"},\"alternateName\":\"Gloves\\\"UP_Conhe\u00e7a Nossos Produto!\",\"potentialAction\":[{\"@type\":\"SearchAction\",\"target\":{\"@type\":\"EntryPoint\",\"urlTemplate\":\"https:\/\/glovesup.com.br\/?s={search_term_string}\"},\"query-input\":{\"@type\":\"PropertyValueSpecification\",\"valueRequired\":true,\"valueName\":\"search_term_string\"}}],\"inLanguage\":\"pt-BR\"},{\"@type\":\"Organization\",\"@id\":\"https:\/\/glovesup.com.br\/#organization\",\"name\":\"GLOVESUP\",\"url\":\"https:\/\/glovesup.com.br\/\",\"logo\":{\"@type\":\"ImageObject\",\"inLanguage\":\"pt-BR\",\"@id\":\"https:\/\/glovesup.com.br\/#\/schema\/logo\/image\/\",\"url\":\"https:\/\/glovesup.com.br\/wp-content\/uploads\/2024\/05\/cropped-WhatsApp-Image-2024-05-12-at-21.29.57-2.jpeg\",\"contentUrl\":\"https:\/\/glovesup.com.br\/wp-content\/uploads\/2024\/05\/cropped-WhatsApp-Image-2024-05-12-at-21.29.57-2.jpeg\",\"width\":55,\"height\":55,\"caption\":\"GLOVESUP\"},\"image\":{\"@id\":\"https:\/\/glovesup.com.br\/#\/schema\/logo\/image\/\"},\"sameAs\":[\"https:\/\/www.instagram.com\/glovesup.distribuidora\/\"]}]}<\/script>\n<!-- \/ Yoast SEO plugin. -->","yoast_head_json":{"title":"INOVEN \/ NITR\u00cdLICA - PRETA - GLOVES&#039;UP","robots":{"index":"index","follow":"follow","max-snippet":"max-snippet:-1","max-image-preview":"max-image-preview:large","max-video-preview":"max-video-preview:-1"},"canonical":"https:\/\/glovesup.com.br\/index.php\/produto\/inoven-nitrilica-preta\/","og_locale":"pt_BR","og_type":"article","og_title":"INOVEN \/ NITR\u00cdLICA - PRETA - GLOVES&#039;UP","og_description":"Luvas para prote\u00e7\u00e3o das m\u00e3os confeccionadas em borracha nitr\u00edlica, superf\u00edcies lisas, pontas dos dedos texturizadas, sem p\u00f3, livres de l\u00e1tex, ambidestras, com bainha, n\u00e3o est\u00e9reis e de uso \u00fanico. Produzidas em ambiente controlado, com baixa concentra\u00e7\u00e3o de part\u00edculas no ar para aplica\u00e7\u00f5esRead More","og_url":"https:\/\/glovesup.com.br\/index.php\/produto\/inoven-nitrilica-preta\/","og_site_name":"GLOVES&#039;UP","article_modified_time":"2026-01-22T21:09:22+00:00","og_image":[{"width":188,"height":150,"url":"https:\/\/glovesup.com.br\/wp-content\/uploads\/2024\/04\/INOVEN-NITRILICA-PRETA.png","type":"image\/png"}],"twitter_card":"summary_large_image","twitter_misc":{"Est. tempo de leitura":"1 minuto"},"schema":{"@context":"https:\/\/schema.org","@graph":[{"@type":"WebPage","@id":"https:\/\/glovesup.com.br\/index.php\/produto\/inoven-nitrilica-preta\/","url":"https:\/\/glovesup.com.br\/index.php\/produto\/inoven-nitrilica-preta\/","name":"INOVEN \/ NITR\u00cdLICA - PRETA - GLOVES&#039;UP","isPartOf":{"@id":"https:\/\/glovesup.com.br\/#website"},"primaryImageOfPage":{"@id":"https:\/\/glovesup.com.br\/index.php\/produto\/inoven-nitrilica-preta\/#primaryimage"},"image":{"@id":"https:\/\/glovesup.com.br\/index.php\/produto\/inoven-nitrilica-preta\/#primaryimage"},"thumbnailUrl":"https:\/\/glovesup.com.br\/wp-content\/uploads\/2024\/04\/INOVEN-NITRILICA-PRETA.png","datePublished":"2024-04-16T19:46:20+00:00","dateModified":"2026-01-22T21:09:22+00:00","breadcrumb":{"@id":"https:\/\/glovesup.com.br\/index.php\/produto\/inoven-nitrilica-preta\/#breadcrumb"},"inLanguage":"pt-BR","potentialAction":[{"@type":"ReadAction","target":["https:\/\/glovesup.com.br\/index.php\/produto\/inoven-nitrilica-preta\/"]}]},{"@type":"ImageObject","inLanguage":"pt-BR","@id":"https:\/\/glovesup.com.br\/index.php\/produto\/inoven-nitrilica-preta\/#primaryimage","url":"https:\/\/glovesup.com.br\/wp-content\/uploads\/2024\/04\/INOVEN-NITRILICA-PRETA.png","contentUrl":"https:\/\/glovesup.com.br\/wp-content\/uploads\/2024\/04\/INOVEN-NITRILICA-PRETA.png","width":188,"height":150},{"@type":"BreadcrumbList","@id":"https:\/\/glovesup.com.br\/index.php\/produto\/inoven-nitrilica-preta\/#breadcrumb","itemListElement":[{"@type":"ListItem","position":1,"name":"In\u00edcio","item":"https:\/\/glovesup.com.br\/"},{"@type":"ListItem","position":2,"name":"LOJA","item":"https:\/\/glovesup.com.br\/"},{"@type":"ListItem","position":3,"name":"INOVEN \/ NITR\u00cdLICA &#8211; PRETA"}]},{"@type":"WebSite","@id":"https:\/\/glovesup.com.br\/#website","url":"https:\/\/glovesup.com.br\/","name":"Gloves\"UP_Conhe\u00e7a Nossos Produto!","description":"As Melhores Marcas de Luvas do Mercado para Voc\u00ea! QUALIDADE\/CUSTO BENEF\u00cdCIO S\u00d3 AQUI!!","publisher":{"@id":"https:\/\/glovesup.com.br\/#organization"},"alternateName":"Gloves\"UP_Conhe\u00e7a Nossos Produto!","potentialAction":[{"@type":"SearchAction","target":{"@type":"EntryPoint","urlTemplate":"https:\/\/glovesup.com.br\/?s={search_term_string}"},"query-input":{"@type":"PropertyValueSpecification","valueRequired":true,"valueName":"search_term_string"}}],"inLanguage":"pt-BR"},{"@type":"Organization","@id":"https:\/\/glovesup.com.br\/#organization","name":"GLOVESUP","url":"https:\/\/glovesup.com.br\/","logo":{"@type":"ImageObject","inLanguage":"pt-BR","@id":"https:\/\/glovesup.com.br\/#\/schema\/logo\/image\/","url":"https:\/\/glovesup.com.br\/wp-content\/uploads\/2024\/05\/cropped-WhatsApp-Image-2024-05-12-at-21.29.57-2.jpeg","contentUrl":"https:\/\/glovesup.com.br\/wp-content\/uploads\/2024\/05\/cropped-WhatsApp-Image-2024-05-12-at-21.29.57-2.jpeg","width":55,"height":55,"caption":"GLOVESUP"},"image":{"@id":"https:\/\/glovesup.com.br\/#\/schema\/logo\/image\/"},"sameAs":["https:\/\/www.instagram.com\/glovesup.distribuidora\/"]}]}},"jetpack_sharing_enabled":true,"_links":{"self":[{"href":"https:\/\/glovesup.com.br\/index.php\/wp-json\/wp\/v2\/product\/774","targetHints":{"allow":["GET"]}}],"collection":[{"href":"https:\/\/glovesup.com.br\/index.php\/wp-json\/wp\/v2\/product"}],"about":[{"href":"https:\/\/glovesup.com.br\/index.php\/wp-json\/wp\/v2\/types\/product"}],"replies":[{"embeddable":true,"href":"https:\/\/glovesup.com.br\/index.php\/wp-json\/wp\/v2\/comments?post=774"}],"wp:featuredmedia":[{"embeddable":true,"href":"https:\/\/glovesup.com.br\/index.php\/wp-json\/wp\/v2\/media\/775"}],"wp:attachment":[{"href":"https:\/\/glovesup.com.br\/index.php\/wp-json\/wp\/v2\/media?parent=774"}],"wp:term":[{"taxonomy":"product_brand","embeddable":true,"href":"https:\/\/glovesup.com.br\/index.php\/wp-json\/wp\/v2\/product_brand?post=774"},{"taxonomy":"product_cat","embeddable":true,"href":"https:\/\/glovesup.com.br\/index.php\/wp-json\/wp\/v2\/product_cat?post=774"},{"taxonomy":"product_tag","embeddable":true,"href":"https:\/\/glovesup.com.br\/index.php\/wp-json\/wp\/v2\/product_tag?post=774"}],"curies":[{"name":"wp","href":"https:\/\/api.w.org\/{rel}","templated":true}]}}