{"id":767,"date":"2024-04-16T14:39:23","date_gmt":"2024-04-16T17:39:23","guid":{"rendered":"https:\/\/glovesup.com.br\/?post_type=product&#038;p=767"},"modified":"2026-01-22T18:20:11","modified_gmt":"2026-01-22T21:20:11","slug":"nobre-vinil-sem-po","status":"publish","type":"product","link":"https:\/\/glovesup.com.br\/index.php\/produto\/nobre-vinil-sem-po\/","title":{"rendered":"NOBRE \/ VINIL &#8211; SEM P\u00d3"},"content":{"rendered":"<p>Luva descart\u00e1vel, ambidestras, sem l\u00e1tex. Produto de uso \u00fanico, n\u00e3o<br \/>\nest\u00e9ril, proibido reprocessar. Possui superf\u00edcie lisa com pontas dos<br \/>\ndedos texturizadas. Indicada para hospitais, cl\u00ednicas, consult\u00f3rios<br \/>\nodontol\u00f3gicos \u2013 Use luvas sempre que existir possibilidade de contato<br \/>\ncom sangue, flu\u00eddos org\u00e2nicos, membranas mucosas, feridas ou<br \/>\nartigos sujos que possam estar contaminados. Com 100 unidades<\/p>\n","protected":false},"excerpt":{"rendered":"<p>Luva descart\u00e1vel, ambidestras, sem l\u00e1tex. Produto de uso \u00fanico, n\u00e3o est\u00e9ril, proibido reprocessar. Possui superf\u00edcie lisa com pontas dos dedos texturizadas. Indicada para hospitais, cl\u00ednicas, consult\u00f3rios odontol\u00f3gicos \u2013 Use luvas sempre que existir possibilidade de contato com sangue, flu\u00eddos org\u00e2nicos, membranas mucosas,<\/p>\n<p class=\"link-more\"><a class=\"myButt \" href=\"https:\/\/glovesup.com.br\/index.php\/produto\/nobre-vinil-sem-po\/\">Read More<\/a><\/p>\n","protected":false},"featured_media":768,"comment_status":"open","ping_status":"closed","template":"","meta":{"_joinchat":[]},"product_brand":[],"product_cat":[72,75],"product_tag":[],"class_list":{"0":"post-767","1":"product","2":"type-product","3":"status-publish","4":"has-post-thumbnail","6":"product_cat-nobre","7":"product_cat-nobre-vinil-sem-po","9":"first","10":"instock","11":"shipping-taxable","12":"purchasable","13":"product-type-variable"},"yoast_head":"<!-- This site is optimized with the Yoast SEO plugin v24.3 - https:\/\/yoast.com\/wordpress\/plugins\/seo\/ -->\n<title>NOBRE \/ VINIL - SEM P\u00d3 - GLOVES&#039;UP<\/title>\n<meta name=\"robots\" content=\"index, follow, max-snippet:-1, max-image-preview:large, max-video-preview:-1\" \/>\n<link rel=\"canonical\" href=\"https:\/\/glovesup.com.br\/index.php\/produto\/nobre-vinil-sem-po\/\" \/>\n<meta property=\"og:locale\" content=\"pt_BR\" \/>\n<meta property=\"og:type\" content=\"article\" \/>\n<meta property=\"og:title\" content=\"NOBRE \/ VINIL - SEM P\u00d3 - GLOVES&#039;UP\" \/>\n<meta property=\"og:description\" content=\"Luva descart\u00e1vel, ambidestras, sem l\u00e1tex. Produto de uso \u00fanico, n\u00e3o est\u00e9ril, proibido reprocessar. Possui superf\u00edcie lisa com pontas dos dedos texturizadas. Indicada para hospitais, cl\u00ednicas, consult\u00f3rios odontol\u00f3gicos \u2013 Use luvas sempre que existir possibilidade de contato com sangue, flu\u00eddos org\u00e2nicos, membranas mucosas,Read More\" \/>\n<meta property=\"og:url\" content=\"https:\/\/glovesup.com.br\/index.php\/produto\/nobre-vinil-sem-po\/\" \/>\n<meta property=\"og:site_name\" content=\"GLOVES&#039;UP\" \/>\n<meta property=\"article:modified_time\" content=\"2026-01-22T21:20:11+00:00\" \/>\n<meta property=\"og:image\" content=\"https:\/\/glovesup.com.br\/wp-content\/uploads\/2024\/04\/NOBRE-VINIL-SEM-PO.png\" \/>\n\t<meta property=\"og:image:width\" content=\"179\" \/>\n\t<meta property=\"og:image:height\" content=\"123\" \/>\n\t<meta property=\"og:image:type\" content=\"image\/png\" \/>\n<meta name=\"twitter:card\" content=\"summary_large_image\" \/>\n<meta name=\"twitter:label1\" content=\"Est. tempo de leitura\" \/>\n\t<meta name=\"twitter:data1\" content=\"1 minuto\" \/>\n<script type=\"application\/ld+json\" class=\"yoast-schema-graph\">{\"@context\":\"https:\/\/schema.org\",\"@graph\":[{\"@type\":\"WebPage\",\"@id\":\"https:\/\/glovesup.com.br\/index.php\/produto\/nobre-vinil-sem-po\/\",\"url\":\"https:\/\/glovesup.com.br\/index.php\/produto\/nobre-vinil-sem-po\/\",\"name\":\"NOBRE \/ VINIL - SEM P\u00d3 - GLOVES&#039;UP\",\"isPartOf\":{\"@id\":\"https:\/\/glovesup.com.br\/#website\"},\"primaryImageOfPage\":{\"@id\":\"https:\/\/glovesup.com.br\/index.php\/produto\/nobre-vinil-sem-po\/#primaryimage\"},\"image\":{\"@id\":\"https:\/\/glovesup.com.br\/index.php\/produto\/nobre-vinil-sem-po\/#primaryimage\"},\"thumbnailUrl\":\"https:\/\/glovesup.com.br\/wp-content\/uploads\/2024\/04\/NOBRE-VINIL-SEM-PO.png\",\"datePublished\":\"2024-04-16T17:39:23+00:00\",\"dateModified\":\"2026-01-22T21:20:11+00:00\",\"breadcrumb\":{\"@id\":\"https:\/\/glovesup.com.br\/index.php\/produto\/nobre-vinil-sem-po\/#breadcrumb\"},\"inLanguage\":\"pt-BR\",\"potentialAction\":[{\"@type\":\"ReadAction\",\"target\":[\"https:\/\/glovesup.com.br\/index.php\/produto\/nobre-vinil-sem-po\/\"]}]},{\"@type\":\"ImageObject\",\"inLanguage\":\"pt-BR\",\"@id\":\"https:\/\/glovesup.com.br\/index.php\/produto\/nobre-vinil-sem-po\/#primaryimage\",\"url\":\"https:\/\/glovesup.com.br\/wp-content\/uploads\/2024\/04\/NOBRE-VINIL-SEM-PO.png\",\"contentUrl\":\"https:\/\/glovesup.com.br\/wp-content\/uploads\/2024\/04\/NOBRE-VINIL-SEM-PO.png\",\"width\":179,\"height\":123},{\"@type\":\"BreadcrumbList\",\"@id\":\"https:\/\/glovesup.com.br\/index.php\/produto\/nobre-vinil-sem-po\/#breadcrumb\",\"itemListElement\":[{\"@type\":\"ListItem\",\"position\":1,\"name\":\"In\u00edcio\",\"item\":\"https:\/\/glovesup.com.br\/\"},{\"@type\":\"ListItem\",\"position\":2,\"name\":\"LOJA\",\"item\":\"https:\/\/glovesup.com.br\/\"},{\"@type\":\"ListItem\",\"position\":3,\"name\":\"NOBRE \/ VINIL &#8211; SEM P\u00d3\"}]},{\"@type\":\"WebSite\",\"@id\":\"https:\/\/glovesup.com.br\/#website\",\"url\":\"https:\/\/glovesup.com.br\/\",\"name\":\"Gloves\\\"UP_Conhe\u00e7a Nossos Produto!\",\"description\":\"As Melhores Marcas de Luvas do Mercado para Voc\u00ea! QUALIDADE\/CUSTO BENEF\u00cdCIO S\u00d3 AQUI!!\",\"publisher\":{\"@id\":\"https:\/\/glovesup.com.br\/#organization\"},\"alternateName\":\"Gloves\\\"UP_Conhe\u00e7a Nossos Produto!\",\"potentialAction\":[{\"@type\":\"SearchAction\",\"target\":{\"@type\":\"EntryPoint\",\"urlTemplate\":\"https:\/\/glovesup.com.br\/?s={search_term_string}\"},\"query-input\":{\"@type\":\"PropertyValueSpecification\",\"valueRequired\":true,\"valueName\":\"search_term_string\"}}],\"inLanguage\":\"pt-BR\"},{\"@type\":\"Organization\",\"@id\":\"https:\/\/glovesup.com.br\/#organization\",\"name\":\"GLOVESUP\",\"url\":\"https:\/\/glovesup.com.br\/\",\"logo\":{\"@type\":\"ImageObject\",\"inLanguage\":\"pt-BR\",\"@id\":\"https:\/\/glovesup.com.br\/#\/schema\/logo\/image\/\",\"url\":\"https:\/\/glovesup.com.br\/wp-content\/uploads\/2024\/05\/cropped-WhatsApp-Image-2024-05-12-at-21.29.57-2.jpeg\",\"contentUrl\":\"https:\/\/glovesup.com.br\/wp-content\/uploads\/2024\/05\/cropped-WhatsApp-Image-2024-05-12-at-21.29.57-2.jpeg\",\"width\":55,\"height\":55,\"caption\":\"GLOVESUP\"},\"image\":{\"@id\":\"https:\/\/glovesup.com.br\/#\/schema\/logo\/image\/\"},\"sameAs\":[\"https:\/\/www.instagram.com\/glovesup.distribuidora\/\"]}]}<\/script>\n<!-- \/ Yoast SEO plugin. -->","yoast_head_json":{"title":"NOBRE \/ VINIL - SEM P\u00d3 - GLOVES&#039;UP","robots":{"index":"index","follow":"follow","max-snippet":"max-snippet:-1","max-image-preview":"max-image-preview:large","max-video-preview":"max-video-preview:-1"},"canonical":"https:\/\/glovesup.com.br\/index.php\/produto\/nobre-vinil-sem-po\/","og_locale":"pt_BR","og_type":"article","og_title":"NOBRE \/ VINIL - SEM P\u00d3 - GLOVES&#039;UP","og_description":"Luva descart\u00e1vel, ambidestras, sem l\u00e1tex. Produto de uso \u00fanico, n\u00e3o est\u00e9ril, proibido reprocessar. Possui superf\u00edcie lisa com pontas dos dedos texturizadas. Indicada para hospitais, cl\u00ednicas, consult\u00f3rios odontol\u00f3gicos \u2013 Use luvas sempre que existir possibilidade de contato com sangue, flu\u00eddos org\u00e2nicos, membranas mucosas,Read More","og_url":"https:\/\/glovesup.com.br\/index.php\/produto\/nobre-vinil-sem-po\/","og_site_name":"GLOVES&#039;UP","article_modified_time":"2026-01-22T21:20:11+00:00","og_image":[{"width":179,"height":123,"url":"https:\/\/glovesup.com.br\/wp-content\/uploads\/2024\/04\/NOBRE-VINIL-SEM-PO.png","type":"image\/png"}],"twitter_card":"summary_large_image","twitter_misc":{"Est. tempo de leitura":"1 minuto"},"schema":{"@context":"https:\/\/schema.org","@graph":[{"@type":"WebPage","@id":"https:\/\/glovesup.com.br\/index.php\/produto\/nobre-vinil-sem-po\/","url":"https:\/\/glovesup.com.br\/index.php\/produto\/nobre-vinil-sem-po\/","name":"NOBRE \/ VINIL - SEM P\u00d3 - GLOVES&#039;UP","isPartOf":{"@id":"https:\/\/glovesup.com.br\/#website"},"primaryImageOfPage":{"@id":"https:\/\/glovesup.com.br\/index.php\/produto\/nobre-vinil-sem-po\/#primaryimage"},"image":{"@id":"https:\/\/glovesup.com.br\/index.php\/produto\/nobre-vinil-sem-po\/#primaryimage"},"thumbnailUrl":"https:\/\/glovesup.com.br\/wp-content\/uploads\/2024\/04\/NOBRE-VINIL-SEM-PO.png","datePublished":"2024-04-16T17:39:23+00:00","dateModified":"2026-01-22T21:20:11+00:00","breadcrumb":{"@id":"https:\/\/glovesup.com.br\/index.php\/produto\/nobre-vinil-sem-po\/#breadcrumb"},"inLanguage":"pt-BR","potentialAction":[{"@type":"ReadAction","target":["https:\/\/glovesup.com.br\/index.php\/produto\/nobre-vinil-sem-po\/"]}]},{"@type":"ImageObject","inLanguage":"pt-BR","@id":"https:\/\/glovesup.com.br\/index.php\/produto\/nobre-vinil-sem-po\/#primaryimage","url":"https:\/\/glovesup.com.br\/wp-content\/uploads\/2024\/04\/NOBRE-VINIL-SEM-PO.png","contentUrl":"https:\/\/glovesup.com.br\/wp-content\/uploads\/2024\/04\/NOBRE-VINIL-SEM-PO.png","width":179,"height":123},{"@type":"BreadcrumbList","@id":"https:\/\/glovesup.com.br\/index.php\/produto\/nobre-vinil-sem-po\/#breadcrumb","itemListElement":[{"@type":"ListItem","position":1,"name":"In\u00edcio","item":"https:\/\/glovesup.com.br\/"},{"@type":"ListItem","position":2,"name":"LOJA","item":"https:\/\/glovesup.com.br\/"},{"@type":"ListItem","position":3,"name":"NOBRE \/ VINIL &#8211; SEM P\u00d3"}]},{"@type":"WebSite","@id":"https:\/\/glovesup.com.br\/#website","url":"https:\/\/glovesup.com.br\/","name":"Gloves\"UP_Conhe\u00e7a Nossos Produto!","description":"As Melhores Marcas de Luvas do Mercado para Voc\u00ea! QUALIDADE\/CUSTO BENEF\u00cdCIO S\u00d3 AQUI!!","publisher":{"@id":"https:\/\/glovesup.com.br\/#organization"},"alternateName":"Gloves\"UP_Conhe\u00e7a Nossos Produto!","potentialAction":[{"@type":"SearchAction","target":{"@type":"EntryPoint","urlTemplate":"https:\/\/glovesup.com.br\/?s={search_term_string}"},"query-input":{"@type":"PropertyValueSpecification","valueRequired":true,"valueName":"search_term_string"}}],"inLanguage":"pt-BR"},{"@type":"Organization","@id":"https:\/\/glovesup.com.br\/#organization","name":"GLOVESUP","url":"https:\/\/glovesup.com.br\/","logo":{"@type":"ImageObject","inLanguage":"pt-BR","@id":"https:\/\/glovesup.com.br\/#\/schema\/logo\/image\/","url":"https:\/\/glovesup.com.br\/wp-content\/uploads\/2024\/05\/cropped-WhatsApp-Image-2024-05-12-at-21.29.57-2.jpeg","contentUrl":"https:\/\/glovesup.com.br\/wp-content\/uploads\/2024\/05\/cropped-WhatsApp-Image-2024-05-12-at-21.29.57-2.jpeg","width":55,"height":55,"caption":"GLOVESUP"},"image":{"@id":"https:\/\/glovesup.com.br\/#\/schema\/logo\/image\/"},"sameAs":["https:\/\/www.instagram.com\/glovesup.distribuidora\/"]}]}},"jetpack_sharing_enabled":true,"_links":{"self":[{"href":"https:\/\/glovesup.com.br\/index.php\/wp-json\/wp\/v2\/product\/767","targetHints":{"allow":["GET"]}}],"collection":[{"href":"https:\/\/glovesup.com.br\/index.php\/wp-json\/wp\/v2\/product"}],"about":[{"href":"https:\/\/glovesup.com.br\/index.php\/wp-json\/wp\/v2\/types\/product"}],"replies":[{"embeddable":true,"href":"https:\/\/glovesup.com.br\/index.php\/wp-json\/wp\/v2\/comments?post=767"}],"wp:featuredmedia":[{"embeddable":true,"href":"https:\/\/glovesup.com.br\/index.php\/wp-json\/wp\/v2\/media\/768"}],"wp:attachment":[{"href":"https:\/\/glovesup.com.br\/index.php\/wp-json\/wp\/v2\/media?parent=767"}],"wp:term":[{"taxonomy":"product_brand","embeddable":true,"href":"https:\/\/glovesup.com.br\/index.php\/wp-json\/wp\/v2\/product_brand?post=767"},{"taxonomy":"product_cat","embeddable":true,"href":"https:\/\/glovesup.com.br\/index.php\/wp-json\/wp\/v2\/product_cat?post=767"},{"taxonomy":"product_tag","embeddable":true,"href":"https:\/\/glovesup.com.br\/index.php\/wp-json\/wp\/v2\/product_tag?post=767"}],"curies":[{"name":"wp","href":"https:\/\/api.w.org\/{rel}","templated":true}]}}