{"id":1435,"date":"2025-02-13T09:57:20","date_gmt":"2025-02-13T12:57:20","guid":{"rendered":"https:\/\/glovesup.com.br\/?post_type=product&#038;p=1435"},"modified":"2026-01-27T18:02:50","modified_gmt":"2026-01-27T21:02:50","slug":"unigloves-standard-latex-menos-po-branca","status":"publish","type":"product","link":"https:\/\/glovesup.com.br\/index.php\/produto\/unigloves-standard-latex-menos-po-branca\/","title":{"rendered":"UNIGLOVES \u2013 STANDARD &#8211; L\u00c1TEX (MENOS P\u00d3) BRANCA"},"content":{"rendered":"<p>Luvas Descart\u00e1veis Unigloves<\/p>\n<p>Luva para procedimento, n\u00e3o cir\u00fargica.<\/p>\n<p>Cor: Branca, leitosa.<\/p>\n<p>Material: Borracha natural (l\u00e1tex).<\/p>\n<p>Presen\u00e7a de p\u00f3: Reduzida em P\u00f3 bioabsorv\u00edvel at\u00f3xico.<\/p>\n<p>Superf\u00edcie: Lisa.<\/p>\n<p>Ambidestra, ideal para destros e canhotos.<\/p>\n","protected":false},"excerpt":{"rendered":"<p>100 Unidades p\/ caixa<\/p>\n","protected":false},"featured_media":1440,"comment_status":"open","ping_status":"closed","template":"","meta":{"_joinchat":[]},"product_brand":[],"product_cat":[20,35,36,37,46],"product_tag":[],"class_list":{"0":"post-1435","1":"product","2":"type-product","3":"status-publish","4":"has-post-thumbnail","6":"product_cat-luvas-procedimentos-nao-cirurgicos-com-po","7":"product_cat-unigloves","8":"product_cat-unigloves-luvas-procedimentos-nao-cirurgicos-com-po","9":"product_cat-unigloves-luvas-procedimentos-nao-cirurgicos-sem-po","10":"product_cat-unigloves-luvas-latex-com-po","12":"first","13":"instock","14":"shipping-taxable","15":"purchasable","16":"product-type-variable"},"yoast_head":"<!-- This site is optimized with the Yoast SEO plugin v24.3 - https:\/\/yoast.com\/wordpress\/plugins\/seo\/ -->\n<title>UNIGLOVES \u2013 STANDARD - L\u00c1TEX (MENOS P\u00d3) BRANCA - GLOVES&#039;UP<\/title>\n<meta name=\"robots\" content=\"index, follow, max-snippet:-1, max-image-preview:large, max-video-preview:-1\" \/>\n<link rel=\"canonical\" href=\"https:\/\/glovesup.com.br\/index.php\/produto\/unigloves-standard-latex-menos-po-branca\/\" \/>\n<meta property=\"og:locale\" content=\"pt_BR\" \/>\n<meta property=\"og:type\" content=\"article\" \/>\n<meta property=\"og:title\" content=\"UNIGLOVES \u2013 STANDARD - L\u00c1TEX (MENOS P\u00d3) BRANCA - GLOVES&#039;UP\" \/>\n<meta property=\"og:description\" content=\"100 Unidades p\/ caixa\" \/>\n<meta property=\"og:url\" content=\"https:\/\/glovesup.com.br\/index.php\/produto\/unigloves-standard-latex-menos-po-branca\/\" \/>\n<meta property=\"og:site_name\" content=\"GLOVES&#039;UP\" \/>\n<meta property=\"article:modified_time\" content=\"2026-01-27T21:02:50+00:00\" \/>\n<meta property=\"og:image\" content=\"https:\/\/glovesup.com.br\/wp-content\/uploads\/2025\/02\/Design-sem-nome-47.png\" \/>\n\t<meta property=\"og:image:width\" content=\"1080\" \/>\n\t<meta property=\"og:image:height\" content=\"1350\" \/>\n\t<meta property=\"og:image:type\" content=\"image\/png\" \/>\n<meta name=\"twitter:card\" content=\"summary_large_image\" \/>\n<meta name=\"twitter:label1\" content=\"Est. tempo de leitura\" \/>\n\t<meta name=\"twitter:data1\" content=\"1 minuto\" \/>\n<script type=\"application\/ld+json\" class=\"yoast-schema-graph\">{\"@context\":\"https:\/\/schema.org\",\"@graph\":[{\"@type\":\"WebPage\",\"@id\":\"https:\/\/glovesup.com.br\/index.php\/produto\/unigloves-standard-latex-menos-po-branca\/\",\"url\":\"https:\/\/glovesup.com.br\/index.php\/produto\/unigloves-standard-latex-menos-po-branca\/\",\"name\":\"UNIGLOVES \u2013 STANDARD - L\u00c1TEX (MENOS P\u00d3) BRANCA - GLOVES&#039;UP\",\"isPartOf\":{\"@id\":\"https:\/\/glovesup.com.br\/#website\"},\"primaryImageOfPage\":{\"@id\":\"https:\/\/glovesup.com.br\/index.php\/produto\/unigloves-standard-latex-menos-po-branca\/#primaryimage\"},\"image\":{\"@id\":\"https:\/\/glovesup.com.br\/index.php\/produto\/unigloves-standard-latex-menos-po-branca\/#primaryimage\"},\"thumbnailUrl\":\"https:\/\/glovesup.com.br\/wp-content\/uploads\/2025\/02\/Design-sem-nome-47.png\",\"datePublished\":\"2025-02-13T12:57:20+00:00\",\"dateModified\":\"2026-01-27T21:02:50+00:00\",\"breadcrumb\":{\"@id\":\"https:\/\/glovesup.com.br\/index.php\/produto\/unigloves-standard-latex-menos-po-branca\/#breadcrumb\"},\"inLanguage\":\"pt-BR\",\"potentialAction\":[{\"@type\":\"ReadAction\",\"target\":[\"https:\/\/glovesup.com.br\/index.php\/produto\/unigloves-standard-latex-menos-po-branca\/\"]}]},{\"@type\":\"ImageObject\",\"inLanguage\":\"pt-BR\",\"@id\":\"https:\/\/glovesup.com.br\/index.php\/produto\/unigloves-standard-latex-menos-po-branca\/#primaryimage\",\"url\":\"https:\/\/glovesup.com.br\/wp-content\/uploads\/2025\/02\/Design-sem-nome-47.png\",\"contentUrl\":\"https:\/\/glovesup.com.br\/wp-content\/uploads\/2025\/02\/Design-sem-nome-47.png\",\"width\":1080,\"height\":1350},{\"@type\":\"BreadcrumbList\",\"@id\":\"https:\/\/glovesup.com.br\/index.php\/produto\/unigloves-standard-latex-menos-po-branca\/#breadcrumb\",\"itemListElement\":[{\"@type\":\"ListItem\",\"position\":1,\"name\":\"In\u00edcio\",\"item\":\"https:\/\/glovesup.com.br\/\"},{\"@type\":\"ListItem\",\"position\":2,\"name\":\"LOJA\",\"item\":\"https:\/\/glovesup.com.br\/\"},{\"@type\":\"ListItem\",\"position\":3,\"name\":\"UNIGLOVES \u2013 STANDARD &#8211; L\u00c1TEX (MENOS P\u00d3) BRANCA\"}]},{\"@type\":\"WebSite\",\"@id\":\"https:\/\/glovesup.com.br\/#website\",\"url\":\"https:\/\/glovesup.com.br\/\",\"name\":\"Gloves\\\"UP_Conhe\u00e7a Nossos Produto!\",\"description\":\"As Melhores Marcas de Luvas do Mercado para Voc\u00ea! QUALIDADE\/CUSTO BENEF\u00cdCIO S\u00d3 AQUI!!\",\"publisher\":{\"@id\":\"https:\/\/glovesup.com.br\/#organization\"},\"alternateName\":\"Gloves\\\"UP_Conhe\u00e7a Nossos Produto!\",\"potentialAction\":[{\"@type\":\"SearchAction\",\"target\":{\"@type\":\"EntryPoint\",\"urlTemplate\":\"https:\/\/glovesup.com.br\/?s={search_term_string}\"},\"query-input\":{\"@type\":\"PropertyValueSpecification\",\"valueRequired\":true,\"valueName\":\"search_term_string\"}}],\"inLanguage\":\"pt-BR\"},{\"@type\":\"Organization\",\"@id\":\"https:\/\/glovesup.com.br\/#organization\",\"name\":\"GLOVESUP\",\"url\":\"https:\/\/glovesup.com.br\/\",\"logo\":{\"@type\":\"ImageObject\",\"inLanguage\":\"pt-BR\",\"@id\":\"https:\/\/glovesup.com.br\/#\/schema\/logo\/image\/\",\"url\":\"https:\/\/glovesup.com.br\/wp-content\/uploads\/2024\/05\/cropped-WhatsApp-Image-2024-05-12-at-21.29.57-2.jpeg\",\"contentUrl\":\"https:\/\/glovesup.com.br\/wp-content\/uploads\/2024\/05\/cropped-WhatsApp-Image-2024-05-12-at-21.29.57-2.jpeg\",\"width\":55,\"height\":55,\"caption\":\"GLOVESUP\"},\"image\":{\"@id\":\"https:\/\/glovesup.com.br\/#\/schema\/logo\/image\/\"},\"sameAs\":[\"https:\/\/www.instagram.com\/glovesup.distribuidora\/\"]}]}<\/script>\n<!-- \/ Yoast SEO plugin. -->","yoast_head_json":{"title":"UNIGLOVES \u2013 STANDARD - L\u00c1TEX (MENOS P\u00d3) BRANCA - GLOVES&#039;UP","robots":{"index":"index","follow":"follow","max-snippet":"max-snippet:-1","max-image-preview":"max-image-preview:large","max-video-preview":"max-video-preview:-1"},"canonical":"https:\/\/glovesup.com.br\/index.php\/produto\/unigloves-standard-latex-menos-po-branca\/","og_locale":"pt_BR","og_type":"article","og_title":"UNIGLOVES \u2013 STANDARD - L\u00c1TEX (MENOS P\u00d3) BRANCA - GLOVES&#039;UP","og_description":"100 Unidades p\/ caixa","og_url":"https:\/\/glovesup.com.br\/index.php\/produto\/unigloves-standard-latex-menos-po-branca\/","og_site_name":"GLOVES&#039;UP","article_modified_time":"2026-01-27T21:02:50+00:00","og_image":[{"width":1080,"height":1350,"url":"https:\/\/glovesup.com.br\/wp-content\/uploads\/2025\/02\/Design-sem-nome-47.png","type":"image\/png"}],"twitter_card":"summary_large_image","twitter_misc":{"Est. tempo de leitura":"1 minuto"},"schema":{"@context":"https:\/\/schema.org","@graph":[{"@type":"WebPage","@id":"https:\/\/glovesup.com.br\/index.php\/produto\/unigloves-standard-latex-menos-po-branca\/","url":"https:\/\/glovesup.com.br\/index.php\/produto\/unigloves-standard-latex-menos-po-branca\/","name":"UNIGLOVES \u2013 STANDARD - L\u00c1TEX (MENOS P\u00d3) BRANCA - GLOVES&#039;UP","isPartOf":{"@id":"https:\/\/glovesup.com.br\/#website"},"primaryImageOfPage":{"@id":"https:\/\/glovesup.com.br\/index.php\/produto\/unigloves-standard-latex-menos-po-branca\/#primaryimage"},"image":{"@id":"https:\/\/glovesup.com.br\/index.php\/produto\/unigloves-standard-latex-menos-po-branca\/#primaryimage"},"thumbnailUrl":"https:\/\/glovesup.com.br\/wp-content\/uploads\/2025\/02\/Design-sem-nome-47.png","datePublished":"2025-02-13T12:57:20+00:00","dateModified":"2026-01-27T21:02:50+00:00","breadcrumb":{"@id":"https:\/\/glovesup.com.br\/index.php\/produto\/unigloves-standard-latex-menos-po-branca\/#breadcrumb"},"inLanguage":"pt-BR","potentialAction":[{"@type":"ReadAction","target":["https:\/\/glovesup.com.br\/index.php\/produto\/unigloves-standard-latex-menos-po-branca\/"]}]},{"@type":"ImageObject","inLanguage":"pt-BR","@id":"https:\/\/glovesup.com.br\/index.php\/produto\/unigloves-standard-latex-menos-po-branca\/#primaryimage","url":"https:\/\/glovesup.com.br\/wp-content\/uploads\/2025\/02\/Design-sem-nome-47.png","contentUrl":"https:\/\/glovesup.com.br\/wp-content\/uploads\/2025\/02\/Design-sem-nome-47.png","width":1080,"height":1350},{"@type":"BreadcrumbList","@id":"https:\/\/glovesup.com.br\/index.php\/produto\/unigloves-standard-latex-menos-po-branca\/#breadcrumb","itemListElement":[{"@type":"ListItem","position":1,"name":"In\u00edcio","item":"https:\/\/glovesup.com.br\/"},{"@type":"ListItem","position":2,"name":"LOJA","item":"https:\/\/glovesup.com.br\/"},{"@type":"ListItem","position":3,"name":"UNIGLOVES \u2013 STANDARD &#8211; L\u00c1TEX (MENOS P\u00d3) BRANCA"}]},{"@type":"WebSite","@id":"https:\/\/glovesup.com.br\/#website","url":"https:\/\/glovesup.com.br\/","name":"Gloves\"UP_Conhe\u00e7a Nossos Produto!","description":"As Melhores Marcas de Luvas do Mercado para Voc\u00ea! QUALIDADE\/CUSTO BENEF\u00cdCIO S\u00d3 AQUI!!","publisher":{"@id":"https:\/\/glovesup.com.br\/#organization"},"alternateName":"Gloves\"UP_Conhe\u00e7a Nossos Produto!","potentialAction":[{"@type":"SearchAction","target":{"@type":"EntryPoint","urlTemplate":"https:\/\/glovesup.com.br\/?s={search_term_string}"},"query-input":{"@type":"PropertyValueSpecification","valueRequired":true,"valueName":"search_term_string"}}],"inLanguage":"pt-BR"},{"@type":"Organization","@id":"https:\/\/glovesup.com.br\/#organization","name":"GLOVESUP","url":"https:\/\/glovesup.com.br\/","logo":{"@type":"ImageObject","inLanguage":"pt-BR","@id":"https:\/\/glovesup.com.br\/#\/schema\/logo\/image\/","url":"https:\/\/glovesup.com.br\/wp-content\/uploads\/2024\/05\/cropped-WhatsApp-Image-2024-05-12-at-21.29.57-2.jpeg","contentUrl":"https:\/\/glovesup.com.br\/wp-content\/uploads\/2024\/05\/cropped-WhatsApp-Image-2024-05-12-at-21.29.57-2.jpeg","width":55,"height":55,"caption":"GLOVESUP"},"image":{"@id":"https:\/\/glovesup.com.br\/#\/schema\/logo\/image\/"},"sameAs":["https:\/\/www.instagram.com\/glovesup.distribuidora\/"]}]}},"jetpack_sharing_enabled":true,"_links":{"self":[{"href":"https:\/\/glovesup.com.br\/index.php\/wp-json\/wp\/v2\/product\/1435","targetHints":{"allow":["GET"]}}],"collection":[{"href":"https:\/\/glovesup.com.br\/index.php\/wp-json\/wp\/v2\/product"}],"about":[{"href":"https:\/\/glovesup.com.br\/index.php\/wp-json\/wp\/v2\/types\/product"}],"replies":[{"embeddable":true,"href":"https:\/\/glovesup.com.br\/index.php\/wp-json\/wp\/v2\/comments?post=1435"}],"wp:featuredmedia":[{"embeddable":true,"href":"https:\/\/glovesup.com.br\/index.php\/wp-json\/wp\/v2\/media\/1440"}],"wp:attachment":[{"href":"https:\/\/glovesup.com.br\/index.php\/wp-json\/wp\/v2\/media?parent=1435"}],"wp:term":[{"taxonomy":"product_brand","embeddable":true,"href":"https:\/\/glovesup.com.br\/index.php\/wp-json\/wp\/v2\/product_brand?post=1435"},{"taxonomy":"product_cat","embeddable":true,"href":"https:\/\/glovesup.com.br\/index.php\/wp-json\/wp\/v2\/product_cat?post=1435"},{"taxonomy":"product_tag","embeddable":true,"href":"https:\/\/glovesup.com.br\/index.php\/wp-json\/wp\/v2\/product_tag?post=1435"}],"curies":[{"name":"wp","href":"https:\/\/api.w.org\/{rel}","templated":true}]}}